tor of 41985?
False
Does 17 divide 413432?
False
Does 47 divide 760131?
True
Does 6 divide 31068?
True
Is 5851511 a multiple of 22?
False
Is 58 a factor of 1068111?
False
Is 54 a factor of 36545?
False
Is 205 a factor of 1485376?
False
Is 296 a factor of 710696?
True
Is 976 a factor of 2350086?
False
Does 275 divide 119350?
True
Is 576 a factor of 340506?
False
Is 25 a factor of 465437?
False
Is 1995357 a multiple of 11?
False
Is 17 a factor of 94144?
False
Does 43 divide 151876?
True
Does 208 divide 1560843?
False
Does 52 divide 768300?
True
Does 47 divide 2784784?
False
Does 206 divide 70171?
False
Does 56 divide 139888?
True
Is 216357 a multiple of 50?
False
Is 19313 a multiple of 7?
True
Does 31 divide 76699?
False
Is 4 a factor of 16661?
False
Is 195054 a multiple of 87?
True
Does 344 divide 25483864?
True
Does 75 divide 6359616?
False
Does 41 divide 1462388?
True
Is 64 a factor of 626944?
True
Does 7 divide 638504?
False
Is 341380 a multiple of 445?
False
Does 21 divide 3481304?
False
Is 200910 a multiple of 11?
False
Does 22 divide 3072883?
False
Is 1483 a factor of 10305483?
False
Is 187504 a multiple of 65?
False
Is 50 a factor of 229081?
False
Is 494768 a multiple of 136?
True
Is 89535 a multiple of 15?
True
Does 42 divide 634788?
True
Is 490 a factor of 250759?
False
Is 3 a factor of 60292?
False
Is 46 a factor of 5154622?
True
Is 29 a factor of 16048944?
False
Is 27070 a multiple of 34?
False
Does 31 divide 1592470?
True
Is 2491720 a multiple of 35?
True
Is 3 a factor of 26940?
True
Does 38 divide 139726?
True
Is 50182 a multiple of 13?
False
Does 18 divide 5629510?
False
Is 11 a factor of 4749151?
True
Is 108 a factor of 384315?
False
Is 324366 a multiple of 42?
True
Does 37 divide 131078?
False
Is 18 a factor of 11760?
False
Is 1338 a factor of 131773?
False
Is 9 a factor of 83385?
True
Is 50 a factor of 693450?
True
Does 466 divide 182654?
False
Is 28 a factor of 68905?
False
Is 54 a factor of 198288?
True
Is 901192 a multiple of 127?
True
Is 43 a factor of 3936005?
True
Does 19 divide 91144?
False
Is 7 a factor of 5173219?
False
Is 2336114 a multiple of 11?
True
Does 20 divide 6801620?
True
Does 62 divide 400892?
True
Is 12319 a multiple of 52?
False
Does 82 divide 1353574?
True
Is 13 a factor of 357123?
True
Does 37 divide 817034?
True
Is 241 a factor of 237697?
False
Does 4 divide 97512?
True
Is 113 a factor of 439683?
True
Is 37 a factor of 67858?
True
Does 458 divide 857834?
True
Is 420139 a multiple of 13?
False
Is 76048 a multiple of 28?
True
Is 95 a factor of 1179000?
False
Does 364 divide 1717802?
False
Is 42 a factor of 130653?
False
Does 4 divide 1402625?
False
Is 1452 a multiple of 11?
True
Does 24 divide 51046?
False
Is 27528 a multiple of 8?
True
Does 17 divide 286858?
True
Is 721 a factor of 1008855?
False
Is 94 a factor of 2983654?
True
Does 2 divide 422688?
True
Is 66 a factor of 119196?
True
Is 30804 a multiple of 29?
False
Is 12 a factor of 625596?
True
Does 37 divide 181325?
False
Is 1809704 a multiple of 70?
False
Is 625100 a multiple of 470?
True
Is 52 a factor of 1840384?
True
Is 13245 a multiple of 36?
False
Is 10095 a multiple of 25?
False
Is 989 a factor of 1952495?
False
Does 63 divide 49266?
True
Is 36 a factor of 34913061?
False
Is 118 a factor of 3092544?
True
Is 74535 a multiple of 48?
False
Is 171420 a multiple of 20?
True
Is 505440 a multiple of 36?
True
Is 44 a factor of 1845932?
True
Does 990 divide 733590?
True
Is 117 a factor of 203514?
False
Is 288 a factor of 2907072?
True
Is 137888 a multiple of 32?
True
Is 3919 a multiple of 6?
False
Is 1150 a factor of 3933000?
True
Does 2926 divide 25497164?
True
Is 184 a factor of 4828712?
True
Does 7 divide 8569866?
False
Is 27 a factor of 1706373?
True
Is 35 a factor of 1653?
False
Does 18 divide 8093593?
False
Is 211624 a multiple of 11?
False
Is 80850 a multiple of 105?
True
Is 18 a factor of 3808?
False
Does 23 divide 37387?
False
Does 39 divide 188565?
True
Is 154 a factor of 298240?
False
Is 12533556 a multiple of 131?
True
Is 185 a factor of 477329?
False
Does 95 divide 485577?
False
Is 85 a factor of 63521?
False
Is 918683 a multiple of 66?
False
Is 891256 a multiple of 168?
False
Is 494090 a multiple of 10?
True
Does 21 divide 1435160?
False
Does 98 divide 5454128?
False
Is 10626 a multiple of 253?
True
Is 2 a factor of 11087?
False
Does 46 divide 138782?
True
Is 13872690 a multiple of 1503?
True
Is 59630 a multiple of 89?
True
Is 364 a factor of 8210020?
True
Is 39 a factor of 26481498?
False
Does 168 divide 8568?
True
Does 83 divide 1324846?
True
Is 162 a factor of 113356?
False
Is 7 a factor of 45260?
False
Does 70 divide 827672?
False
Is 4 a factor of 277949?
False
Is 20 a factor of 10850240?
True
Does 8 divide 755701?
False
Is 1186 a factor of 11135789?
False
Is 23 a factor of 11569?
True
Is 112 a factor of 1628618?
False
Is 58 a factor of 8291158?
True
Does 3 divide 210002?
False
Is 339234 a multiple of 41?
True
Is 816720 a multiple of 332?
True
Is 47 a factor of 3860716?
False
Is 437772 a multiple of 438?
False
Does 127 divide 988352?
False
Is 884567 a multiple of 20?
False
Is 83 a factor of 4756392?
False
Does 8 divide 197079?
False
Is 12 a factor of 423661?
False
Is 84 a factor of 35371?
False
Does 22 divide 293524?
True
Is 106314 a multiple of 29?
True
Does 32 divide 1944730?
False
Is 45372 a multiple of 19?
True
Does 222 divide 220446?
True
Is 2783383 a multiple of 366?
False
Is 227 a factor of 269676?
True
Is 510325 a multiple of 25?
True
Does 7 divide 33250?
True
Does 102 divide 1002972?
False
Does 6 divide 86274?
True
Is 153 a factor of 351380?
False
Is 356864 a multiple of 136?
True
Does 8 divide 163488?
True
Is 36 a factor of 5454000?
True
Is 270 a factor of 510388?
False
Does 3 divide 5731808?
False
Is 405 a factor of 1037204?
False
Does 147 divide 1068396?
True
Does 42 divide 6503128?
False
Is 36 a factor of 154558?
False
Is 21949 a multiple of 2?
False
Is 462 a factor of 143682?
True
Is 25708570 a multiple of 67?
True
Is 1225 a factor of 4986740?
False
Is 13 a factor of 31265?
True
Is 9 a factor of 137119?
False
Is 370260 a multiple of 495?
True
Does 90 divide 211804?
False
Is 740563 a multiple of 119?
False
Is 129005 a multiple of 178?
False
Is 33 a factor of 84183?
True
Is 3609385 a multiple of 13?
True
Does 2 divide 677041?
False
Is 511 a factor of 1455839?
True
Does 46 divide 1745378?
True
Is 3 a factor of 20479?
False
Does 10 divide 190911?
False
Does 40 divide 464659?
False
Is 25 a factor of 557750?
True
Is 211184 a multiple of 50?
False
Is 1840349 a multiple of 159?
False
Is 221712 a multiple of 122?
False
Is 120 a factor of 2162160?
True
Is 15 a factor of 539470?
False
Does 43 divide 2994549?
False
Is 29 a factor of 235161?
True
Does 221 divide 571064?
True
Is 31 a factor of 1086089?
False
Does 37 divide 297467?
False
Does 992 divide 2523792?
False
Is 3227321 a multiple of 19?
True
Is 281 a factor of 3480797?
False
Does 63 divide 607846?
False
Does 16 divide 4467809?
False
Is 923427 a multiple of 23?
True
Is 7835209 a multiple of 18?
False
Does 937 divide 383450?
False
Does 47 divide 21075?
False
Is 7317926 a multiple of 25?
False
Is 106125 a multiple of 35?
False
Does 186 divide 12035325?
False
Does 66 divide 581588?
False
Is 12 a factor of 2656284?
True
Does 3 divide 117987?
True
Is 381 a factor of 57313?
False
Does 11 divide 63051?
False
Is 824588 a multiple of 1137?
False
Does 130 divide 249846?
False
Is 12 a factor of 268356?
True
Is 20 a factor of 927251?
False
Is 81827 a multiple of 6?
False
Does 716 divide 282820?
True
Is 405534 a multiple of 61?
False
Is 4 a factor of 719253?
False
Is 10 a factor of 354479?
False
Is 260 a factor of 13337740?
True
Does 57 divide 49115?
False
Does 47 divide 217386?
False
Does 22 divide 218974?
False
Does 416 divide 1071200?
True
Is 15 a factor of 573872?
False
Does 246 divide 1744878?
True
Is 10 a factor of 953804?
False
Is 40678 a multiple of 6?
False
Does 15 divide 80745?
True
Is 1876471 a multiple of 51?
False
Is 255 a factor of 20910?
True
Is 136534 a multiple of 12?
False
Is 190644 a multiple of 6?
True
Does 27 divide 593379?
True
Does 10 divide 934743?
False
Does 458 divide 120454?
True
Is 218 a factor of 1072390?
False
Is 173 a factor of 232166?
True
Does 94 divid